, 4241
List the prime factors of 4000053.
3, 937, 1423
List the prime factors of 8882199.
3, 41, 24071
What are the prime factors of 656996?
2, 164249
List the prime factors of 18938427.
3, 31, 6569
List the prime factors of 526259.
47, 11197
List the prime factors of 6789682.
2, 31, 41, 2671
List the prime factors of 1967221.
41, 47981
What are the prime factors of 145948?
2, 11, 31, 107
List the prime factors of 490745.
5, 61, 1609
What are the prime factors of 455025?
3, 5, 6067
List the prime factors of 9934268.
2, 2483567
List the prime factors of 155581.
155581
What are the prime factors of 29156?
2, 37, 197
List the prime factors of 969204.
2, 3, 17, 4751
List the prime factors of 363686.
2, 47, 53, 73
List the prime factors of 10508228.
2, 2627057
List the prime factors of 1000381.
1000381
What are the prime factors of 3360135?
3, 5, 17, 13177
What are the prime factors of 7222818?
2, 3, 601, 2003
List the prime factors of 4513902.
2, 3, 79, 89, 107
List the prime factors of 51461.
51461
What are the prime factors of 622092?
2, 3, 47, 1103
What are the prime factors of 2259263?
43, 52541
List the prime factors of 3090784.
2, 96587
List the prime factors of 1633623.
3, 191, 2851
List the prime factors of 316193.
316193
List the prime factors of 539783.
539783
List the prime factors of 1673282.
2, 13, 139, 463
What are the prime factors of 19395607?
7, 11, 331, 761
What are the prime factors of 1116121?
23, 48527
What are the prime factors of 209709?
3, 863
List the prime factors of 673940.
2, 5, 31, 1087
What are the prime factors of 1378996?
2, 344749
List the prime factors of 7573243.
7573243
List the prime factors of 956682.
2, 3, 53149
What are the prime factors of 51693?
3, 17231
List the prime factors of 10096703.
73, 138311
List the prime factors of 14995925.
5, 7, 85691
List the prime factors of 1661619.
3, 553873
List the prime factors of 1150013.
19, 60527
List the prime factors of 141478.
2, 127, 557
What are the prime factors of 220006?
2, 41, 2683
What are the prime factors of 220130?
2, 5, 22013
What are the prime factors of 2683342?
2, 1049, 1279
List the prime factors of 3869649.
3, 7, 239, 257
List the prime factors of 703364.
2, 101, 1741
List the prime factors of 154817.
13, 11909
What are the prime factors of 1247399?
71, 17569
List the prime factors of 6238762.
2, 17, 281, 653
What are the prime factors of 496368?
2, 3, 383
List the prime factors of 8542584.
2, 3, 13183
List the prime factors of 11497638.
2, 3, 101, 18973
What are the prime factors of 257020?
2, 5, 71, 181
List the prime factors of 585429.
3, 13, 17, 883
List the prime factors of 27978255.
3, 5, 621739
List the prime factors of 1316671.
1316671
List the prime factors of 587789.
587789
What are the prime factors of 252408?
2, 3, 13, 809
What are the prime factors of 521948?
2, 7, 2663
What are the prime factors of 20635510?
2, 5, 7, 294793
What are the prime factors of 246191?
11, 22381
What are the prime factors of 14594665?
5, 89, 32797
List the prime factors of 501950.
2, 5, 10039
What are the prime factors of 102067?
7, 2083
List the prime factors of 4299655.
5, 181, 4751
List the prime factors of 375947.
11, 13, 239
List the prime factors of 1019582.
2, 29, 17579
What are the prime factors of 1720346?
2, 107, 8039
List the prime factors of 1815342.
2, 3, 29, 10433
List the prime factors of 567443.
17, 29, 1151
List the prime factors of 417306.
2, 3, 157, 443
What are the prime factors of 21405781?
401, 53381
What are the prime factors of 13850532?
2, 3, 384737
What are the prime factors of 10890887?
7, 47, 4729
List the prime factors of 258266.
2, 263, 491
List the prime factors of 135890.
2, 5, 107, 127
List the prime factors of 1737045.
3, 5, 4289
List the prime factors of 651770.
2, 5, 7, 9311
List the prime factors of 1678173.
3, 7, 157, 509
What are the prime factors of 23833780?
2, 5, 487, 2447
List the prime factors of 3075328.
2, 41, 293
What are the prime factors of 1906533?
3, 17, 733
What are the prime factors of 40114990?
2, 5, 23, 174413
What are the prime factors of 1005637?
1005637
List the prime factors of 1028513.
941, 1093
What are the prime factors of 255673?
11, 2113
List the prime factors of 14285890.
2, 5, 43, 33223
List the prime factors of 15366510.
2, 3, 5, 61, 311
List the prime factors of 6936898.
2, 73, 47513
List the prime factors of 1451502.
2, 3, 13, 6203
What are the prime factors of 9008197?
11, 31, 26417
List the prime factors of 295669.
11, 26879
What are the prime factors of 603447?
3, 13, 15473
What are the prime factors of 7404477?
3, 37, 41, 1627
What are the prime factors of 1023196?
2, 17, 41, 367
What are the prime factors of 27903865?
5, 11, 181, 2803
List the prime factors of 1387383.
3, 23, 20107
What are the prime factors of 212599?
29, 7331
List the prime factors of 259873.
31, 83, 101
List the prime factors of 1869100.
2, 5, 18691
List the prime factors of 10659453.
3, 7, 507593
What are the prime factors of 18302830?
2, 5, 7, 13, 20113
List the prime factors of 771262.
2, 385631
What are the prime factors of 3284051?
73, 44987
List the prime factors of 42449.
11, 17, 227
List the prime factors of 24417.
3, 2713
List the prime factors of 1025693.
1025693
What are the prime factors of 4712550?
2, 3, 5, 89, 353
What are the prime factors of 181350?
2, 3, 5, 13, 31
What are the prime factors of 3746609?
1693, 2213
What are the prime factors of 48213?
3, 11, 487
What are the prime factors of 1353722?
2, 676861
List the prime factors of 217182.
2, 3, 7, 5171
List the prime factors of 3974252.
2, 293, 3391
What are the prime factors of 2226565?
5, 11, 40483
What are the prime factors of 1041914?
2, 520957
List the prime factors of 179308.
2, 23, 1949
List the prime factors of 568785.
3, 5, 7, 5417
List the prime factors of 16739964.
2, 3, 464999
What are the prime factors of 640015?
5, 19, 6737
List the prime factors of 5694215.
5, 83, 13721
What are the prime factors of 27053546?
2, 13, 1040521
List the prime factors of 1369918.
2, 11, 73, 853
List the prime factors of 183314.
2, 151, 607
What are the prime factors of 929975?
5, 37199
What are the prime factors of 5725363?
7, 41, 19949
List the prime factors of 391321.
7, 55903
What are the prime factors of 1482221?
13, 113, 1009
List the prime factors of 193171.
11, 17, 1033
List the prime factors of 305377.
305377
What are the prime factors of 2944916?
2, 13, 56633
What are the prime factors of 7640465?
5, 7, 419, 521
What are the prime factors of 625702?
2, 7, 11, 17, 239
List the prime factors of 514214.
2, 257107
What are the prime factors of 2092324?
2, 13, 40237
List the prime factors of 6556913.
11, 596083
List the prime factors of 20164434.
2, 3, 19, 79, 2239
What are the prime factors of 329715?
3, 5, 17, 431
List the prime factors of 1257322.
2, 11, 67, 853
What are the prime factors of 102078?
2, 3, 53, 107
List the prime factors of 257070.
2, 3, 5, 11, 19, 41
What are the prime factors of 272384?
2, 7, 19
List the prime factors of 868394.
2, 17, 25541
List the prime factors of 483428.
2, 11, 10987
What are the prime factors of 122141?
67, 1823
What are the prime factors of 1973937?
3, 7, 93997
What are the prime factors of 331326?
2, 3, 79, 233
What are the prime factors of 385052?
2, 96263
List the prime factors of 373597.
7, 19, 53
List the prime factors of 3301202.
2, 1650601
What are the prime factors of 2609989?
2609989
List the prime factors of 528028.
2, 101, 1307
What are the prime factors of 12624498?
2, 3, 77929
List the prime factors of 76868.
2, 11, 1747
List the prime factors of 133631.
133631
What are the prime factors of 4487895?
3, 5, 19, 29, 181
What are the prime factors of 3376443?
3, 7, 103, 223
What are the prime factors of 8900894?
2, 17, 261791
List the prime factors of 8591302.
2, 4295651
What are the prime factors of 81071?
81071
What are the prime factors of 5052539?
131, 38569
What are the prime factors of 510190?
2, 5, 163, 313
What are the prime factors of 5328164?
2, 631, 2111
What are the prime factors of 11790137?
31, 380327
What are the prime factors of 218907?
3, 13, 1871
List the prime factors of 6896039.
43, 160373
What are the prime factors of 4007671?
4007671
What are the prime factors of 4360432?
